{"id":10239,"date":"2023-05-19T06:19:38","date_gmt":"2023-05-19T06:19:38","guid":{"rendered":"https:\/\/piedracarrascoy.es\/?page_id=10239"},"modified":"2023-05-31T06:22:36","modified_gmt":"2023-05-31T06:22:36","slug":"piedra-carrascoy","status":"publish","type":"page","link":"https:\/\/piedracarrascoy.es\/index.php\/piedra-carrascoy\/","title":{"rendered":"Piedra Carrascoy"},"content":{"rendered":"\t\t<div data-elementor-type=\"wp-page\" data-elementor-id=\"10239\" class=\"elementor elementor-10239\">\n\t\t\t\t\t\t\t\t\t<section class=\"elementor-section elementor-top-section elementor-element elementor-element-484dd0f elementor-section-boxed elementor-section-height-default elementor-section-height-default\" data-id=\"484dd0f\" data-element_type=\"section\">\n\t\t\t\t\t\t<div class=\"elementor-container elementor-column-gap-default\">\n\t\t\t\t\t<div class=\"elementor-column elementor-col-100 elementor-top-column elementor-element elementor-element-94bb369 ot-flex-column-vertical\" data-id=\"94bb369\" data-element_type=\"column\">\n\t\t\t<div class=\"elementor-widget-wrap elementor-element-populated\">\n\t\t\t\t\t\t\t\t<div class=\"elementor-element elementor-element-4ff4959 theratio-align-center elementor-widget elementor-widget-iheading\" data-id=\"4ff4959\" data-element_type=\"widget\" data-widget_type=\"iheading.default\">\n\t\t\t\t<div class=\"elementor-widget-container\">\n\t\t\t\t\t<div class=\"ot-heading \">\n\t        \t            <span>[ Nuestas piedras ]<\/span>\n\t        \t        <h2 class=\"main-heading\">Piedras de nuestra cantera<\/h2>\n\t        \t    <\/div>\n\t    \t\t<\/div>\n\t\t\t\t<\/div>\n\t\t\t\t<div class=\"elementor-element elementor-element-a67ac35 elementor-widget elementor-widget-text-editor\" data-id=\"a67ac35\" data-element_type=\"widget\" data-widget_type=\"text-editor.default\">\n\t\t\t\t<div class=\"elementor-widget-container\">\n\t\t\t<style>\/*! elementor - v3.13.3 - 28-05-2023 *\/\n.elementor-widget-text-editor.elementor-drop-cap-view-stacked .elementor-drop-cap{background-color:#69727d;color:#fff}.elementor-widget-text-editor.elementor-drop-cap-view-framed .elementor-drop-cap{color:#69727d;border:3px solid;background-color:transparent}.elementor-widget-text-editor:not(.elementor-drop-cap-view-default) .elementor-drop-cap{margin-top:8px}.elementor-widget-text-editor:not(.elementor-drop-cap-view-default) .elementor-drop-cap-letter{width:1em;height:1em}.elementor-widget-text-editor .elementor-drop-cap{float:left;text-align:center;line-height:1;font-size:50px}.elementor-widget-text-editor .elementor-drop-cap-letter{display:inline-block}<\/style>\t\t\t\t<p>En nuestra cantera, nos enorgullece contar con una gran diversidad de piedras naturales extra\u00eddas cuidadosamente de nuestras fuentes exclusivas. Cada una de nuestras piedras, ya sea el fascinante \u00c1mbar, el elegante Gris Oscuro o el sereno Gris Claro, tiene una personalidad \u00fanica que aporta encanto y distinci\u00f3n a cualquier espacio.<\/p><p>En nuestra cantera, nos esforzamos por preservar la autenticidad y la belleza inherente de cada una de nuestras piedras naturales. Nuestro equipo de expertos trabaja con dedicaci\u00f3n y pasi\u00f3n para garantizar que cada piedra extra\u00edda de nuestras fuentes exclusivas conserve su car\u00e1cter \u00fanico y su esencia original. Cada pieza exhibe las maravillas de la naturaleza, con sus sutiles variaciones de tonalidad, texturas intrincadas y formaciones geol\u00f3gicas fascinantes. Estas piedras no solo aportan encanto y distinci\u00f3n a cualquier espacio, sino que tambi\u00e9n cuentan historias milenarias talladas en su superficie, conect\u00e1ndonos con la vasta historia geol\u00f3gica de nuestro planeta.<\/p>\t\t\t\t\t\t<\/div>\n\t\t\t\t<\/div>\n\t\t\t\t\t<\/div>\n\t\t<\/div>\n\t\t\t\t\t\t\t<\/div>\n\t\t<\/section>\n\t\t\t\t<section class=\"elementor-section elementor-top-section elementor-element elementor-element-7689103 elementor-section-boxed elementor-section-height-default elementor-section-height-default\" data-id=\"7689103\" data-element_type=\"section\">\n\t\t\t\t\t\t<div class=\"elementor-container elementor-column-gap-default\">\n\t\t\t\t\t<div class=\"elementor-column elementor-col-100 elementor-top-column elementor-element elementor-element-8d947cb ot-flex-column-vertical\" data-id=\"8d947cb\" data-element_type=\"column\">\n\t\t\t<div class=\"elementor-widget-wrap elementor-element-populated\">\n\t\t\t\t\t\t\t\t<div class=\"elementor-element elementor-element-2716b4f elementor-widget elementor-widget-shortcode\" data-id=\"2716b4f\" data-element_type=\"widget\" data-widget_type=\"shortcode.default\">\n\t\t\t\t<div class=\"elementor-widget-container\">\n\t\t\t\t\t<div class=\"elementor-shortcode\"><div class=\"as-styles-warning\" style=\"width: 450px; background-color: #FFF; color: #F00; border: 1px solid #F00; padding: 10px; font-size: 14px;\">\n\t\t\t<span style=\"font-weight: bold;\">Warning: The stylesheets were not loaded!<\/span> \n\t\t\tYou will need to change the <i>Load stylesheets<\/i> setting from <i>Automatically<\/i> to <i>On homepage<\/i> or <i>On all pages<\/i>. \n\t\t\tYou can set that <a style=\"text-decoration: underline; color: #F00;\" href=\"https:\/\/piedracarrascoy.es\/wp-admin\/admin.php?page=accordion-slider-settings\">here<\/a>.\n\t\t\t<\/div>\r\n<div id=\"accordion-slider-4\" class=\"accordion-slider as-no-js\" style=\"width: 800px; height: 400px;\">\r\n\t<div class=\"as-panels\">\r\n\t\t\r\n\t\t<div class=\"as-panel\">\r\n\t\t\t<img loading=\"lazy\" decoding=\"async\" class=\"as-background\" src=\"https:\/\/piedracarrascoy.es\/wp-content\/uploads\/2023\/05\/muro-ambar-carrascoy-a-mano-levantada-junta-tapada-tresbolillo-300x134.jpg\" width=\"300\" height=\"134\" \/>\r\n\t\t\t\r\n\t\t\t<p class=\"as-layer as-always as-black as-padding as-vertical\" data-position=\"bottomLeft\">Ambar<\/p>\r\n\t\t<\/div>\r\n\t\t<div class=\"as-panel\">\r\n\t\t\t<img loading=\"lazy\" decoding=\"async\" class=\"as-background\" src=\"https:\/\/piedracarrascoy.es\/wp-content\/uploads\/2023\/05\/muro-gris-carrascoy-ajustado-tresbolillo-multicolor-2-300x134.jpg\" width=\"300\" height=\"134\" \/>\r\n\t\t\t\r\n\t\t\t<p class=\"as-layer as-always as-black as-padding as-vertical\" data-position=\"bottomLeft\">Gris claro<\/p>\r\n\t\t<\/div>\r\n\t\t<div class=\"as-panel\">\r\n\t\t\t<img loading=\"lazy\" decoding=\"async\" class=\"as-background\" src=\"https:\/\/piedracarrascoy.es\/wp-content\/uploads\/2023\/05\/gris-oscuro-1-300x134.jpg\" width=\"300\" height=\"134\" \/>\r\n\t\t\t\r\n\t\t\t<p class=\"as-layer as-always as-black as-padding as-vertical\" data-position=\"bottomLeft\">Gris oscuro<\/p>\r\n\t\t<\/div>\r\n\t<\/div>\r\n<\/div><\/div>\n\t\t\t\t<\/div>\n\t\t\t\t<\/div>\n\t\t\t\t\t<\/div>\n\t\t<\/div>\n\t\t\t\t\t\t\t<\/div>\n\t\t<\/section>\n\t\t\t\t\t\t\t<\/div>\n\t\t","protected":false},"excerpt":{"rendered":"<p>[ Nuestas piedras ] Piedras de nuestra cantera En nuestra cantera, nos enorgullece contar con una gran diversidad de piedras naturales extra\u00eddas cuidadosamente de nuestras fuentes exclusivas. Cada una de nuestras piedras, ya sea el fascinante \u00c1mbar, el elegante Gris Oscuro o el sereno Gris Claro, tiene una personalidad \u00fanica que aporta encanto y distinci\u00f3n [&hellip;]<\/p>\n","protected":false},"author":1,"featured_media":0,"parent":0,"menu_order":0,"comment_status":"closed","ping_status":"closed","template":"","meta":{"footnotes":""},"yoast_head":"<!-- This site is optimized with the Yoast SEO plugin v20.8 - https:\/\/yoast.com\/wordpress\/plugins\/seo\/ -->\n<title>Piedra Carrascoy - Marmoles Carrascoy<\/title>\n<meta name=\"robots\" content=\"index, follow, max-snippet:-1, max-image-preview:large, max-video-preview:-1\" \/>\n<link rel=\"canonical\" href=\"https:\/\/piedracarrascoy.es\/index.php\/piedra-carrascoy\/\" \/>\n<meta property=\"og:locale\" content=\"es_ES\" \/>\n<meta property=\"og:type\" content=\"article\" \/>\n<meta property=\"og:title\" content=\"Piedra Carrascoy - Marmoles Carrascoy\" \/>\n<meta property=\"og:description\" content=\"[ Nuestas piedras ] Piedras de nuestra cantera En nuestra cantera, nos enorgullece contar con una gran diversidad de piedras naturales extra\u00eddas cuidadosamente de nuestras fuentes exclusivas. Cada una de nuestras piedras, ya sea el fascinante \u00c1mbar, el elegante Gris Oscuro o el sereno Gris Claro, tiene una personalidad \u00fanica que aporta encanto y distinci\u00f3n [&hellip;]\" \/>\n<meta property=\"og:url\" content=\"https:\/\/piedracarrascoy.es\/index.php\/piedra-carrascoy\/\" \/>\n<meta property=\"og:site_name\" content=\"Marmoles Carrascoy\" \/>\n<meta property=\"article:modified_time\" content=\"2023-05-31T06:22:36+00:00\" \/>\n<meta name=\"twitter:card\" content=\"summary_large_image\" \/>\n<meta name=\"twitter:label1\" content=\"Tiempo de lectura\" \/>\n\t<meta name=\"twitter:data1\" content=\"2 minutos\" \/>\n<script type=\"application\/ld+json\" class=\"yoast-schema-graph\">{\"@context\":\"https:\/\/schema.org\",\"@graph\":[{\"@type\":\"WebPage\",\"@id\":\"https:\/\/piedracarrascoy.es\/index.php\/piedra-carrascoy\/\",\"url\":\"https:\/\/piedracarrascoy.es\/index.php\/piedra-carrascoy\/\",\"name\":\"Piedra Carrascoy - Marmoles Carrascoy\",\"isPartOf\":{\"@id\":\"https:\/\/piedracarrascoy.es\/#website\"},\"datePublished\":\"2023-05-19T06:19:38+00:00\",\"dateModified\":\"2023-05-31T06:22:36+00:00\",\"breadcrumb\":{\"@id\":\"https:\/\/piedracarrascoy.es\/index.php\/piedra-carrascoy\/#breadcrumb\"},\"inLanguage\":\"es\",\"potentialAction\":[{\"@type\":\"ReadAction\",\"target\":[\"https:\/\/piedracarrascoy.es\/index.php\/piedra-carrascoy\/\"]}]},{\"@type\":\"BreadcrumbList\",\"@id\":\"https:\/\/piedracarrascoy.es\/index.php\/piedra-carrascoy\/#breadcrumb\",\"itemListElement\":[{\"@type\":\"ListItem\",\"position\":1,\"name\":\"Portada\",\"item\":\"https:\/\/piedracarrascoy.es\/\"},{\"@type\":\"ListItem\",\"position\":2,\"name\":\"Piedra Carrascoy\"}]},{\"@type\":\"WebSite\",\"@id\":\"https:\/\/piedracarrascoy.es\/#website\",\"url\":\"https:\/\/piedracarrascoy.es\/\",\"name\":\"Marmoles Carrascoy\",\"description\":\"Marmoles\",\"potentialAction\":[{\"@type\":\"SearchAction\",\"target\":{\"@type\":\"EntryPoint\",\"urlTemplate\":\"https:\/\/piedracarrascoy.es\/?s={search_term_string}\"},\"query-input\":\"required name=search_term_string\"}],\"inLanguage\":\"es\"}]}<\/script>\n<!-- \/ Yoast SEO plugin. -->","yoast_head_json":{"title":"Piedra Carrascoy - Marmoles Carrascoy","robots":{"index":"index","follow":"follow","max-snippet":"max-snippet:-1","max-image-preview":"max-image-preview:large","max-video-preview":"max-video-preview:-1"},"canonical":"https:\/\/piedracarrascoy.es\/index.php\/piedra-carrascoy\/","og_locale":"es_ES","og_type":"article","og_title":"Piedra Carrascoy - Marmoles Carrascoy","og_description":"[ Nuestas piedras ] Piedras de nuestra cantera En nuestra cantera, nos enorgullece contar con una gran diversidad de piedras naturales extra\u00eddas cuidadosamente de nuestras fuentes exclusivas. Cada una de nuestras piedras, ya sea el fascinante \u00c1mbar, el elegante Gris Oscuro o el sereno Gris Claro, tiene una personalidad \u00fanica que aporta encanto y distinci\u00f3n [&hellip;]","og_url":"https:\/\/piedracarrascoy.es\/index.php\/piedra-carrascoy\/","og_site_name":"Marmoles Carrascoy","article_modified_time":"2023-05-31T06:22:36+00:00","twitter_card":"summary_large_image","twitter_misc":{"Tiempo de lectura":"2 minutos"},"schema":{"@context":"https:\/\/schema.org","@graph":[{"@type":"WebPage","@id":"https:\/\/piedracarrascoy.es\/index.php\/piedra-carrascoy\/","url":"https:\/\/piedracarrascoy.es\/index.php\/piedra-carrascoy\/","name":"Piedra Carrascoy - Marmoles Carrascoy","isPartOf":{"@id":"https:\/\/piedracarrascoy.es\/#website"},"datePublished":"2023-05-19T06:19:38+00:00","dateModified":"2023-05-31T06:22:36+00:00","breadcrumb":{"@id":"https:\/\/piedracarrascoy.es\/index.php\/piedra-carrascoy\/#breadcrumb"},"inLanguage":"es","potentialAction":[{"@type":"ReadAction","target":["https:\/\/piedracarrascoy.es\/index.php\/piedra-carrascoy\/"]}]},{"@type":"BreadcrumbList","@id":"https:\/\/piedracarrascoy.es\/index.php\/piedra-carrascoy\/#breadcrumb","itemListElement":[{"@type":"ListItem","position":1,"name":"Portada","item":"https:\/\/piedracarrascoy.es\/"},{"@type":"ListItem","position":2,"name":"Piedra Carrascoy"}]},{"@type":"WebSite","@id":"https:\/\/piedracarrascoy.es\/#website","url":"https:\/\/piedracarrascoy.es\/","name":"Marmoles Carrascoy","description":"Marmoles","potentialAction":[{"@type":"SearchAction","target":{"@type":"EntryPoint","urlTemplate":"https:\/\/piedracarrascoy.es\/?s={search_term_string}"},"query-input":"required name=search_term_string"}],"inLanguage":"es"}]}},"_links":{"self":[{"href":"https:\/\/piedracarrascoy.es\/index.php\/wp-json\/wp\/v2\/pages\/10239"}],"collection":[{"href":"https:\/\/piedracarrascoy.es\/index.php\/wp-json\/wp\/v2\/pages"}],"about":[{"href":"https:\/\/piedracarrascoy.es\/index.php\/wp-json\/wp\/v2\/types\/page"}],"author":[{"embeddable":true,"href":"https:\/\/piedracarrascoy.es\/index.php\/wp-json\/wp\/v2\/users\/1"}],"replies":[{"embeddable":true,"href":"https:\/\/piedracarrascoy.es\/index.php\/wp-json\/wp\/v2\/comments?post=10239"}],"version-history":[{"count":25,"href":"https:\/\/piedracarrascoy.es\/index.php\/wp-json\/wp\/v2\/pages\/10239\/revisions"}],"predecessor-version":[{"id":11801,"href":"https:\/\/piedracarrascoy.es\/index.php\/wp-json\/wp\/v2\/pages\/10239\/revisions\/11801"}],"wp:attachment":[{"href":"https:\/\/piedracarrascoy.es\/index.php\/wp-json\/wp\/v2\/media?parent=10239"}],"curies":[{"name":"wp","href":"https:\/\/api.w.org\/{rel}","templated":true}]}}

<div data-elementor-type="wp-page" data-elementor-id="10239" class="elementor elementor-10239">
									<section class="elementor-section elementor-top-section elementor-element elementor-element-484dd0f elementor-section-boxed elementor-section-height-default elementor-section-height-default" data-id="484dd0f" data-element_type="section">
						<div class="elementor-container elementor-column-gap-default">
					<div class="elementor-column elementor-col-100 elementor-top-column elementor-element elementor-element-94bb369 ot-flex-column-vertical" data-id="94bb369" data-element_type="column">
			<div class="elementor-widget-wrap elementor-element-populated">
								<div class="elementor-element elementor-element-4ff4959 theratio-align-center elementor-widget elementor-widget-iheading" data-id="4ff4959" data-element_type="widget" data-widget_type="iheading.default">
				<div class="elementor-widget-container">
					<div class="ot-heading ">
	        	            <span>[ Nuestas piedras ]</span>
	        	        <h2 class="main-heading">Piedras de nuestra cantera</h2>
	        	    </div>
	    		</div>
				</div>
				<div class="elementor-element elementor-element-a67ac35 elementor-widget elementor-widget-text-editor" data-id="a67ac35" data-element_type="widget" data-widget_type="text-editor.default">
				<div class="elementor-widget-container">
			<style>/*! elementor - v3.13.3 - 28-05-2023 */
.elementor-widget-text-editor.elementor-drop-cap-view-stacked .elementor-drop-cap{background-color:#69727d;color:#fff}.elementor-widget-text-editor.elementor-drop-cap-view-framed .elementor-drop-cap{color:#69727d;border:3px solid;background-color:transparent}.elementor-widget-text-editor:not(.elementor-drop-cap-view-default) .elementor-drop-cap{margin-top:8px}.elementor-widget-text-editor:not(.elementor-drop-cap-view-default) .elementor-drop-cap-letter{width:1em;height:1em}.elementor-widget-text-editor .elementor-drop-cap{float:left;text-align:center;line-height:1;font-size:50px}.elementor-widget-text-editor .elementor-drop-cap-letter{display:inline-block}</style>				<p>En nuestra cantera, nos enorgullece contar con una gran diversidad de piedras naturales extraídas cuidadosamente de nuestras fuentes exclusivas. Cada una de nuestras piedras, ya sea el fascinante Ámbar, el elegante Gris Oscuro o el sereno Gris Claro, tiene una personalidad única que aporta encanto y distinción a cualquier espacio.</p><p>En nuestra cantera, nos esforzamos por preservar la autenticidad y la belleza inherente de cada una de nuestras piedras naturales. Nuestro equipo de expertos trabaja con dedicación y pasión para garantizar que cada piedra extraída de nuestras fuentes exclusivas conserve su carácter único y su esencia original. Cada pieza exhibe las maravillas de la naturaleza, con sus sutiles variaciones de tonalidad, texturas intrincadas y formaciones geológicas fascinantes. Estas piedras no solo aportan encanto y distinción a cualquier espacio, sino que también cuentan historias milenarias talladas en su superficie, conectándonos con la vasta historia geológica de nuestro planeta.</p>						</div>
				</div>
					</div>
		</div>
							</div>
		</section>
				<section class="elementor-section elementor-top-section elementor-element elementor-element-7689103 elementor-section-boxed elementor-section-height-default elementor-section-height-default" data-id="7689103" data-element_type="section">
						<div class="elementor-container elementor-column-gap-default">
					<div class="elementor-column elementor-col-100 elementor-top-column elementor-element elementor-element-8d947cb ot-flex-column-vertical" data-id="8d947cb" data-element_type="column">
			<div class="elementor-widget-wrap elementor-element-populated">
								<div class="elementor-element elementor-element-2716b4f elementor-widget elementor-widget-shortcode" data-id="2716b4f" data-element_type="widget" data-widget_type="shortcode.default">
				<div class="elementor-widget-container">
					<div class="elementor-shortcode"><div class="as-styles-warning" style="width: 450px; background-color: #FFF; color: #F00; border: 1px solid #F00; padding: 10px; font-size: 14px;">
			<span style="font-weight: bold;">Warning: The stylesheets were not loaded!</span> 
			You will need to change the <i>Load stylesheets</i> setting from <i>Automatically</i> to <i>On homepage</i> or <i>On all pages</i>. 
			You can set that <a style="text-decoration: underline; color: #F00;" href="https://piedracarrascoy.es/wp-admin/admin.php?page=accordion-slider-settings">here</a>.
			</div>
<div id="accordion-slider-4" class="accordion-slider as-no-js" style="width: 800px; height: 400px;">
	<div class="as-panels">
		
		<div class="as-panel">
			<img loading="lazy" decoding="async" class="as-background" src="https://piedracarrascoy.es/wp-content/uploads/2023/05/muro-ambar-carrascoy-a-mano-levantada-junta-tapada-tresbolillo-300x134.jpg" width="300" height="134" />
			
			<p class="as-layer as-always as-black as-padding as-vertical" data-position="bottomLeft">Ambar</p>
		</div>
		<div class="as-panel">
			<img loading="lazy" decoding="async" class="as-background" src="https://piedracarrascoy.es/wp-content/uploads/2023/05/muro-gris-carrascoy-ajustado-tresbolillo-multicolor-2-300x134.jpg" width="300" height="134" />
			
			<p class="as-layer as-always as-black as-padding as-vertical" data-position="bottomLeft">Gris claro</p>
		</div>
		<div class="as-panel">
			<img loading="lazy" decoding="async" class="as-background" src="https://piedracarrascoy.es/wp-content/uploads/2023/05/gris-oscuro-1-300x134.jpg" width="300" height="134" />
			
			<p class="as-layer as-always as-black as-padding as-vertical" data-position="bottomLeft">Gris oscuro</p>
		</div>
	</div>
</div></div>
				</div>
				</div>
					</div>
		</div>
							</div>
		</section>
							</div>

<p>[ Nuestas piedras ] Piedras de nuestra cantera En nuestra cantera, nos enorgullece contar con una gran diversidad de piedras naturales extraídas cuidadosamente de nuestras fuentes exclusivas. Cada una de nuestras piedras, ya sea el fascinante Ámbar, el elegante Gris Oscuro o el sereno Gris Claro, tiene una personalidad única que aporta encanto y distinción [&hellip;]</p>

<!-- This site is optimized with the Yoast SEO plugin v20.8 - https://yoast.com/wordpress/plugins/seo/ -->
<title>Piedra Carrascoy - Marmoles Carrascoy</title>
<meta name="robots" content="index, follow, max-snippet:-1, max-image-preview:large, max-video-preview:-1" />
<link rel="canonical" href="https://piedracarrascoy.es/index.php/piedra-carrascoy/" />
<meta property="og:locale" content="es_ES" />
<meta property="og:type" content="article" />
<meta property="og:title" content="Piedra Carrascoy - Marmoles Carrascoy" />
<meta property="og:description" content="[ Nuestas piedras ] Piedras de nuestra cantera En nuestra cantera, nos enorgullece contar con una gran diversidad de piedras naturales extraídas cuidadosamente de nuestras fuentes exclusivas. Cada una de nuestras piedras, ya sea el fascinante Ámbar, el elegante Gris Oscuro o el sereno Gris Claro, tiene una personalidad única que aporta encanto y distinción [&hellip;]" />
<meta property="og:url" content="https://piedracarrascoy.es/index.php/piedra-carrascoy/" />
<meta property="og:site_name" content="Marmoles Carrascoy" />
<meta property="article:modified_time" content="2023-05-31T06:22:36+00:00" />
<meta name="twitter:card" content="summary_large_image" />
<meta name="twitter:label1" content="Tiempo de lectura" />
	<meta name="twitter:data1" content="2 minutos" />
<script type="application/ld+json" class="yoast-schema-graph">{"@context":"https://schema.org","@graph":[{"@type":"WebPage","@id":"https://piedracarrascoy.es/index.php/piedra-carrascoy/","url":"https://piedracarrascoy.es/index.php/piedra-carrascoy/","name":"Piedra Carrascoy - Marmoles Carrascoy","isPartOf":{"@id":"https://piedracarrascoy.es/#website"},"datePublished":"2023-05-19T06:19:38+00:00","dateModified":"2023-05-31T06:22:36+00:00","breadcrumb":{"@id":"https://piedracarrascoy.es/index.php/piedra-carrascoy/#breadcrumb"},"inLanguage":"es","potentialAction":[{"@type":"ReadAction","target":["https://piedracarrascoy.es/index.php/piedra-carrascoy/"]}]},{"@type":"BreadcrumbList","@id":"https://piedracarrascoy.es/index.php/piedra-carrascoy/#breadcrumb","itemListElement":[{"@type":"ListItem","position":1,"name":"Portada","item":"https://piedracarrascoy.es/"},{"@type":"ListItem","position":2,"name":"Piedra Carrascoy"}]},{"@type":"WebSite","@id":"https://piedracarrascoy.es/#website","url":"https://piedracarrascoy.es/","name":"Marmoles Carrascoy","description":"Marmoles","potentialAction":[{"@type":"SearchAction","target":{"@type":"EntryPoint","urlTemplate":"https://piedracarrascoy.es/?s={search_term_string}"},"query-input":"required name=search_term_string"}],"inLanguage":"es"}]}</script>
<!-- / Yoast SEO plugin. -->

[ Nuestas piedras ] Piedras de nuestra cantera En nuestra cantera, nos enorgullece contar con una gran diversidad de piedras naturales extraídas cuidadosamente de nuestras fuentes exclusivas. Cada una de nuestras piedras, ya sea el fascinante Ámbar, el elegante Gris Oscuro o el sereno Gris Claro, tiene una personalidad única que aporta encanto y distinción [&hellip;]
