{"id":2485,"date":"2020-05-15T04:45:19","date_gmt":"2020-05-15T04:45:19","guid":{"rendered":"http:\/\/localhost\/theratio\/?page_id=2485"},"modified":"2023-05-31T07:12:16","modified_gmt":"2023-05-31T07:12:16","slug":"diseno-y-planificacion","status":"publish","type":"page","link":"https:\/\/piedracarrascoy.es\/index.php\/nuestros-servicios-piedra\/diseno-y-planificacion\/","title":{"rendered":"Dise\u00f1o y Planificaci\u00f3n"},"content":{"rendered":"\t\t<div data-elementor-type=\"wp-page\" data-elementor-id=\"2485\" class=\"elementor elementor-2485\">\n\t\t\t\t\t\t\t\t\t<section class=\"elementor-section elementor-top-section elementor-element elementor-element-c365c25 elementor-section-height-min-height elementor-section-boxed elementor-section-height-default elementor-section-items-middle\" data-id=\"c365c25\" data-element_type=\"section\" data-settings=\"{&quot;background_background&quot;:&quot;classic&quot;}\">\n\t\t\t\t\t\t<div class=\"elementor-container elementor-column-gap-default\">\n\t\t\t\t\t<div class=\"elementor-column elementor-col-100 elementor-top-column elementor-element elementor-element-fd1520c ot-flex-column-vertical\" data-id=\"fd1520c\" data-element_type=\"column\">\n\t\t\t<div class=\"elementor-widget-wrap elementor-element-populated\">\n\t\t\t\t\t\t\t\t<div class=\"elementor-element elementor-element-4d53918 theratio-align-center elementor-widget elementor-widget-iheading\" data-id=\"4d53918\" data-element_type=\"widget\" data-widget_type=\"iheading.default\">\n\t\t\t\t<div class=\"elementor-widget-container\">\n\t\t\t\t\t<div class=\"ot-heading \">\n\t        \t        <h2 class=\"main-heading\">DISE\u00d1O Y PLANIFICACION<\/h2>\n\t        \t    <\/div>\n\t    \t\t<\/div>\n\t\t\t\t<\/div>\n\t\t\t\t\t<\/div>\n\t\t<\/div>\n\t\t\t\t\t\t\t<\/div>\n\t\t<\/section>\n\t\t\t\t<section class=\"elementor-section elementor-top-section elementor-element elementor-element-8807e2c elementor-section-boxed elementor-section-height-default elementor-section-height-default\" data-id=\"8807e2c\" data-element_type=\"section\">\n\t\t\t\t\t\t<div class=\"elementor-container elementor-column-gap-extended\">\n\t\t\t\t\t<div class=\"elementor-column elementor-col-100 elementor-top-column elementor-element elementor-element-5716d59 ot-flex-column-vertical\" data-id=\"5716d59\" data-element_type=\"column\">\n\t\t\t<div class=\"elementor-widget-wrap elementor-element-populated\">\n\t\t\t\t\t\t\t\t<div class=\"elementor-element elementor-element-3719cf2 theratio-align-center elementor-widget elementor-widget-iheading\" data-id=\"3719cf2\" data-element_type=\"widget\" data-widget_type=\"iheading.default\">\n\t\t\t\t<div class=\"elementor-widget-container\">\n\t\t\t\t\t<div class=\"ot-heading \">\n\t        \t        <h2 class=\"main-heading\">Nuestro objetivo es crear dise\u00f1os personalizados<\/h2>\n\t        \t    <\/div>\n\t    \t\t<\/div>\n\t\t\t\t<\/div>\n\t\t\t\t<div class=\"elementor-element elementor-element-e145324 elementor-widget elementor-widget-text-editor\" data-id=\"e145324\" data-element_type=\"widget\" data-widget_type=\"text-editor.default\">\n\t\t\t\t<div class=\"elementor-widget-container\">\n\t\t\t<style>\/*! elementor - v3.13.3 - 28-05-2023 *\/\n.elementor-widget-text-editor.elementor-drop-cap-view-stacked .elementor-drop-cap{background-color:#69727d;color:#fff}.elementor-widget-text-editor.elementor-drop-cap-view-framed .elementor-drop-cap{color:#69727d;border:3px solid;background-color:transparent}.elementor-widget-text-editor:not(.elementor-drop-cap-view-default) .elementor-drop-cap{margin-top:8px}.elementor-widget-text-editor:not(.elementor-drop-cap-view-default) .elementor-drop-cap-letter{width:1em;height:1em}.elementor-widget-text-editor .elementor-drop-cap{float:left;text-align:center;line-height:1;font-size:50px}.elementor-widget-text-editor .elementor-drop-cap-letter{display:inline-block}<\/style>\t\t\t\t<p>Nuestro objetivo principal es trabajar contigo para transformar tus ideas en realidad, creando espacios \u00fanicos y elegantes con piedras y m\u00e1rmoles de la m\u00e1s alta calidad.<\/p><p>En cada proyecto que emprendemos, nos esforzamos por comprender tus necesidades y deseos individuales. Valoramos tu visi\u00f3n y nos comprometemos a ofrecerte soluciones personalizadas que se adapten a tu estilo de vida y a las especificaciones de tu espacio. Ya sea que desees renovar tu cocina, ba\u00f1o, suelos u otras \u00e1reas de tu hogar u oficina, nuestro equipo de dise\u00f1o y planificaci\u00f3n estar\u00e1 a tu lado en cada paso del camino.<\/p>\t\t\t\t\t\t<\/div>\n\t\t\t\t<\/div>\n\t\t\t\t<div class=\"elementor-element elementor-element-49fef5c elementor-pagination-position-outside elementor-widget elementor-widget-image-carousel\" data-id=\"49fef5c\" data-element_type=\"widget\" data-settings=\"{&quot;navigation&quot;:&quot;dots&quot;,&quot;lazyload&quot;:&quot;yes&quot;,&quot;autoplay&quot;:&quot;yes&quot;,&quot;pause_on_hover&quot;:&quot;yes&quot;,&quot;pause_on_interaction&quot;:&quot;yes&quot;,&quot;autoplay_speed&quot;:5000,&quot;infinite&quot;:&quot;yes&quot;,&quot;speed&quot;:500}\" data-widget_type=\"image-carousel.default\">\n\t\t\t\t<div class=\"elementor-widget-container\">\n\t\t\t<style>\/*! elementor - v3.13.3 - 28-05-2023 *\/\n.elementor-widget-image-carousel .swiper,.elementor-widget-image-carousel .swiper-container{position:static}.elementor-widget-image-carousel .swiper-container .swiper-slide figure,.elementor-widget-image-carousel .swiper .swiper-slide figure{line-height:inherit}.elementor-widget-image-carousel .swiper-slide{text-align:center}.elementor-image-carousel-wrapper:not(.swiper-container-initialized):not(.swiper-initialized) .swiper-slide{max-width:calc(100% \/ var(--e-image-carousel-slides-to-show, 3))}<\/style>\t\t<div class=\"elementor-image-carousel-wrapper swiper\" dir=\"ltr\">\n\t\t\t<div class=\"elementor-image-carousel swiper-wrapper\">\n\t\t\t\t\t\t\t\t<div class=\"swiper-slide\"><figure class=\"swiper-slide-inner\"><img class=\"swiper-slide-image swiper-lazy\" data-src=\"https:\/\/mcarrasco.10y6interiorismo.com\/wp-content\/uploads\/2023\/04\/construccion-bodega-1.jpg\" alt=\"\" \/><div class=\"swiper-lazy-preloader\"><\/div><\/figure><\/div><div class=\"swiper-slide\"><figure class=\"swiper-slide-inner\"><img class=\"swiper-slide-image swiper-lazy\" data-src=\"https:\/\/mcarrasco.10y6interiorismo.com\/wp-content\/uploads\/2023\/04\/construccion-bodega-2.jpg\" alt=\"\" \/><div class=\"swiper-lazy-preloader\"><\/div><\/figure><\/div><div class=\"swiper-slide\"><figure class=\"swiper-slide-inner\"><img class=\"swiper-slide-image swiper-lazy\" data-src=\"https:\/\/mcarrasco.10y6interiorismo.com\/wp-content\/uploads\/2023\/04\/pared-bodega.jpg\" alt=\"\" \/><div class=\"swiper-lazy-preloader\"><\/div><\/figure><\/div>\t\t\t<\/div>\n\t\t\t\t\t\t\t\t\t\t\t\t<div class=\"swiper-pagination\"><\/div>\n\t\t\t\t\t\t\t\t\t\t\t\t\t<\/div>\n\t\t\t\t<\/div>\n\t\t\t\t<\/div>\n\t\t\t\t<section class=\"elementor-section elementor-inner-section elementor-element elementor-element-3cf9ae3 elementor-section-boxed elementor-section-height-default elementor-section-height-default\" data-id=\"3cf9ae3\" data-element_type=\"section\">\n\t\t\t\t\t\t<div class=\"elementor-container elementor-column-gap-default\">\n\t\t\t\t\t<div class=\"elementor-column elementor-col-50 elementor-inner-column elementor-element elementor-element-c39a6db ot-column-items-center ot-flex-column-vertical\" data-id=\"c39a6db\" data-element_type=\"column\">\n\t\t\t<div class=\"elementor-widget-wrap elementor-element-populated\">\n\t\t\t\t\t\t\t\t<div class=\"elementor-element elementor-element-4fc6566 elementor-widget elementor-widget-text-editor\" data-id=\"4fc6566\" data-element_type=\"widget\" data-widget_type=\"text-editor.default\">\n\t\t\t\t<div class=\"elementor-widget-container\">\n\t\t\t\t\t\t\t<p>Contamos con un equipo de expertos en dise\u00f1o y planificaci\u00f3n que poseen un profundo conocimiento de las \u00faltimas tendencias y t\u00e9cnicas en el uso de piedras y m\u00e1rmoles. Trabajaremos en estrecha colaboraci\u00f3n contigo, escuchando tus ideas y sugiriendo opciones que complementen tu est\u00e9tica y cumplan con tus requisitos pr\u00e1cticos. Nuestro objetivo es superar tus expectativas y asegurarnos de que cada detalle est\u00e9 cuidadosamente considerado en el dise\u00f1o final.<\/p><p>Adem\u00e1s, nos enorgullece decir que obtenemos las piedras y m\u00e1rmoles de nuestra cantera. La calidad de nuestros materiales es fundamental para lograr resultados excepcionales y podemos garantizar la durabilidad, la belleza y la longevidad de nuestros dise\u00f1os personalizados.<\/p><p>En resumen, nuestro objetivo es crear dise\u00f1os personalizados que te inspiren y te brinden un espacio que refleje tu estilo \u00fanico. Nos esforzamos por brindarte un servicio excepcional, utilizando los mejores materiales y trabajando en estrecha colaboraci\u00f3n contigo para garantizar que tu visi\u00f3n se haga realidad. No importa cu\u00e1n grande o peque\u00f1o sea tu proyecto, estamos aqu\u00ed para ayudarte a crear un ambiente hermoso y funcional con piedras y m\u00e1rmoles de calidad excepcional.<\/p>\t\t\t\t\t\t<\/div>\n\t\t\t\t<\/div>\n\t\t\t\t\t<\/div>\n\t\t<\/div>\n\t\t\t\t<div class=\"elementor-column elementor-col-50 elementor-inner-column elementor-element elementor-element-dcfe615 ot-column-items-center ot-flex-column-vertical\" data-id=\"dcfe615\" data-element_type=\"column\">\n\t\t\t<div class=\"elementor-widget-wrap elementor-element-populated\">\n\t\t\t\t\t\t\t\t<div class=\"elementor-element elementor-element-325c8a2 elementor-widget elementor-widget-image\" data-id=\"325c8a2\" data-element_type=\"widget\" data-widget_type=\"image.default\">\n\t\t\t\t<div class=\"elementor-widget-container\">\n\t\t\t<style>\/*! elementor - v3.13.3 - 28-05-2023 *\/\n.elementor-widget-image{text-align:center}.elementor-widget-image a{display:inline-block}.elementor-widget-image a img[src$=\".svg\"]{width:48px}.elementor-widget-image img{vertical-align:middle;display:inline-block}<\/style>\t\t\t\t\t\t\t\t\t\t\t\t<img decoding=\"async\" src=\"https:\/\/mcarrasco.10y6interiorismo.com\/wp-content\/uploads\/2023\/04\/construccion-bodega-3.jpg\" title=\"\" alt=\"\" loading=\"lazy\" \/>\t\t\t\t\t\t\t\t\t\t\t\t\t\t\t<\/div>\n\t\t\t\t<\/div>\n\t\t\t\t\t<\/div>\n\t\t<\/div>\n\t\t\t\t\t\t\t<\/div>\n\t\t<\/section>\n\t\t\t\t\t<\/div>\n\t\t<\/div>\n\t\t\t\t\t\t\t<\/div>\n\t\t<\/section>\n\t\t\t\t<section class=\"elementor-section elementor-top-section elementor-element elementor-element-9af593b elementor-section-boxed elementor-section-height-default elementor-section-height-default\" data-id=\"9af593b\" data-element_type=\"section\" data-settings=\"{&quot;background_background&quot;:&quot;classic&quot;}\">\n\t\t\t\t\t\t<div class=\"elementor-container elementor-column-gap-default\">\n\t\t\t\t\t<div class=\"elementor-column elementor-col-33 elementor-top-column elementor-element elementor-element-15fdbb4 ot-flex-column-vertical\" data-id=\"15fdbb4\" data-element_type=\"column\">\n\t\t\t<div class=\"elementor-widget-wrap elementor-element-populated\">\n\t\t\t\t\t\t\t\t<div class=\"elementor-element elementor-element-f29f282 elementor-widget elementor-widget-iprogress\" data-id=\"f29f282\" data-element_type=\"widget\" data-widget_type=\"iprogress.default\">\n\t\t\t\t<div class=\"elementor-widget-container\">\n\t\t\t\n\t\t\t\t<div class=\"circle-progress tbottom\" data-color=\"#FFFFFF\" data-height=\"0\" data-size=\"165\">\n\t\t\t<div class=\"inner-bar\" data-percent=\"90\">\n\t\t\t\t<span>\n\t\t\t\t\t<span class=\"percent\">90<\/span>\t\t\t\t<\/span>\n\t\t\t<\/div>\n\t\t\t<h4>Dise\u00f1o conceptual y desarrollo de ideas<\/h4>\t\t<\/div>\n\t\t\n\t    \t\t<\/div>\n\t\t\t\t<\/div>\n\t\t\t\t<div class=\"elementor-element elementor-element-41305f1 elementor-widget elementor-widget-text-editor\" data-id=\"41305f1\" data-element_type=\"widget\" data-widget_type=\"text-editor.default\">\n\t\t\t\t<div class=\"elementor-widget-container\">\n\t\t\t\t\t\t\t<p>Transformamos tus ideas en realidad.<\/p>\t\t\t\t\t\t<\/div>\n\t\t\t\t<\/div>\n\t\t\t\t\t<\/div>\n\t\t<\/div>\n\t\t\t\t<div class=\"elementor-column elementor-col-33 elementor-top-column elementor-element elementor-element-3414d5a ot-flex-column-vertical\" data-id=\"3414d5a\" data-element_type=\"column\">\n\t\t\t<div class=\"elementor-widget-wrap elementor-element-populated\">\n\t\t\t\t\t\t\t\t<div class=\"elementor-element elementor-element-7f55f08 elementor-widget elementor-widget-iprogress\" data-id=\"7f55f08\" data-element_type=\"widget\" data-widget_type=\"iprogress.default\">\n\t\t\t\t<div class=\"elementor-widget-container\">\n\t\t\t\n\t\t\t\t<div class=\"circle-progress tbottom\" data-color=\"#FFFFFF\" data-height=\"2\" data-size=\"165\">\n\t\t\t<div class=\"inner-bar\" data-percent=\"96\">\n\t\t\t\t<span>\n\t\t\t\t\t<span class=\"percent\">96<\/span>\t\t\t\t<\/span>\n\t\t\t<\/div>\n\t\t\t<h4>Selecci\u00f3n de materiales y acabados<\/h4>\t\t<\/div>\n\t\t\n\t    \t\t<\/div>\n\t\t\t\t<\/div>\n\t\t\t\t<div class=\"elementor-element elementor-element-7d22652 elementor-widget elementor-widget-text-editor\" data-id=\"7d22652\" data-element_type=\"widget\" data-widget_type=\"text-editor.default\">\n\t\t\t\t<div class=\"elementor-widget-container\">\n\t\t\t\t\t\t\t<p>Creamos espacios que te inspiran.<\/p>\t\t\t\t\t\t<\/div>\n\t\t\t\t<\/div>\n\t\t\t\t\t<\/div>\n\t\t<\/div>\n\t\t\t\t<div class=\"elementor-column elementor-col-33 elementor-top-column elementor-element elementor-element-b4ef56f ot-flex-column-vertical\" data-id=\"b4ef56f\" data-element_type=\"column\">\n\t\t\t<div class=\"elementor-widget-wrap elementor-element-populated\">\n\t\t\t\t\t\t\t\t<div class=\"elementor-element elementor-element-b042248 elementor-widget elementor-widget-iprogress\" data-id=\"b042248\" data-element_type=\"widget\" data-widget_type=\"iprogress.default\">\n\t\t\t\t<div class=\"elementor-widget-container\">\n\t\t\t\n\t\t\t\t<div class=\"circle-progress tbottom\" data-color=\"#FFFFFF\" data-height=\"2\" data-size=\"165\">\n\t\t\t<div class=\"inner-bar\" data-percent=\"94\">\n\t\t\t\t<span>\n\t\t\t\t\t<span class=\"percent\">94<\/span>\t\t\t\t<\/span>\n\t\t\t<\/div>\n\t\t\t<h4>Planificaci\u00f3n y coordinaci\u00f3n de la obra<\/h4>\t\t<\/div>\n\t\t\n\t    \t\t<\/div>\n\t\t\t\t<\/div>\n\t\t\t\t<div class=\"elementor-element elementor-element-7c914fe elementor-widget elementor-widget-text-editor\" data-id=\"7c914fe\" data-element_type=\"widget\" data-widget_type=\"text-editor.default\">\n\t\t\t\t<div class=\"elementor-widget-container\">\n\t\t\t\t\t\t\t<p>Gestionamos tu proyecto de principio a fin.<\/p>\t\t\t\t\t\t<\/div>\n\t\t\t\t<\/div>\n\t\t\t\t\t<\/div>\n\t\t<\/div>\n\t\t\t\t\t\t\t<\/div>\n\t\t<\/section>\n\t\t\t\t\t\t\t<\/div>\n\t\t","protected":false},"excerpt":{"rendered":"<p>DISE\u00d1O Y PLANIFICACION Nuestro objetivo es crear dise\u00f1os personalizados Nuestro objetivo principal es trabajar contigo para transformar tus ideas en realidad, creando espacios \u00fanicos y elegantes con piedras y m\u00e1rmoles de la m\u00e1s alta calidad. En cada proyecto que emprendemos, nos esforzamos por comprender tus necesidades y deseos individuales. Valoramos tu visi\u00f3n y nos comprometemos [&hellip;]<\/p>\n","protected":false},"author":1,"featured_media":0,"parent":2405,"menu_order":0,"comment_status":"closed","ping_status":"closed","template":"","meta":{"footnotes":""},"yoast_head":"<!-- This site is optimized with the Yoast SEO plugin v20.8 - https:\/\/yoast.com\/wordpress\/plugins\/seo\/ -->\n<title>Dise\u00f1o y Planificaci\u00f3n - Marmoles Carrascoy<\/title>\n<meta name=\"robots\" content=\"index, follow, max-snippet:-1, max-image-preview:large, max-video-preview:-1\" \/>\n<link rel=\"canonical\" href=\"https:\/\/piedracarrascoy.es\/index.php\/nuestros-servicios-piedra\/diseno-y-planificacion\/\" \/>\n<meta property=\"og:locale\" content=\"es_ES\" \/>\n<meta property=\"og:type\" content=\"article\" \/>\n<meta property=\"og:title\" content=\"Dise\u00f1o y Planificaci\u00f3n - Marmoles Carrascoy\" \/>\n<meta property=\"og:description\" content=\"DISE\u00d1O Y PLANIFICACION Nuestro objetivo es crear dise\u00f1os personalizados Nuestro objetivo principal es trabajar contigo para transformar tus ideas en realidad, creando espacios \u00fanicos y elegantes con piedras y m\u00e1rmoles de la m\u00e1s alta calidad. En cada proyecto que emprendemos, nos esforzamos por comprender tus necesidades y deseos individuales. Valoramos tu visi\u00f3n y nos comprometemos [&hellip;]\" \/>\n<meta property=\"og:url\" content=\"https:\/\/piedracarrascoy.es\/index.php\/nuestros-servicios-piedra\/diseno-y-planificacion\/\" \/>\n<meta property=\"og:site_name\" content=\"Marmoles Carrascoy\" \/>\n<meta property=\"article:modified_time\" content=\"2023-05-31T07:12:16+00:00\" \/>\n<meta property=\"og:image\" content=\"https:\/\/mcarrasco.10y6interiorismo.com\/wp-content\/uploads\/2023\/04\/construccion-bodega-1.jpg\" \/>\n<meta name=\"twitter:card\" content=\"summary_large_image\" \/>\n<meta name=\"twitter:label1\" content=\"Tiempo de lectura\" \/>\n\t<meta name=\"twitter:data1\" content=\"4 minutos\" \/>\n<script type=\"application\/ld+json\" class=\"yoast-schema-graph\">{\"@context\":\"https:\/\/schema.org\",\"@graph\":[{\"@type\":\"WebPage\",\"@id\":\"https:\/\/piedracarrascoy.es\/index.php\/nuestros-servicios-piedra\/diseno-y-planificacion\/\",\"url\":\"https:\/\/piedracarrascoy.es\/index.php\/nuestros-servicios-piedra\/diseno-y-planificacion\/\",\"name\":\"Dise\u00f1o y Planificaci\u00f3n - Marmoles Carrascoy\",\"isPartOf\":{\"@id\":\"https:\/\/piedracarrascoy.es\/#website\"},\"datePublished\":\"2020-05-15T04:45:19+00:00\",\"dateModified\":\"2023-05-31T07:12:16+00:00\",\"breadcrumb\":{\"@id\":\"https:\/\/piedracarrascoy.es\/index.php\/nuestros-servicios-piedra\/diseno-y-planificacion\/#breadcrumb\"},\"inLanguage\":\"es\",\"potentialAction\":[{\"@type\":\"ReadAction\",\"target\":[\"https:\/\/piedracarrascoy.es\/index.php\/nuestros-servicios-piedra\/diseno-y-planificacion\/\"]}]},{\"@type\":\"BreadcrumbList\",\"@id\":\"https:\/\/piedracarrascoy.es\/index.php\/nuestros-servicios-piedra\/diseno-y-planificacion\/#breadcrumb\",\"itemListElement\":[{\"@type\":\"ListItem\",\"position\":1,\"name\":\"Portada\",\"item\":\"https:\/\/piedracarrascoy.es\/\"},{\"@type\":\"ListItem\",\"position\":2,\"name\":\"Nuestros Servicios\",\"item\":\"https:\/\/piedracarrascoy.es\/index.php\/nuestros-servicios-piedra\/\"},{\"@type\":\"ListItem\",\"position\":3,\"name\":\"Dise\u00f1o y Planificaci\u00f3n\"}]},{\"@type\":\"WebSite\",\"@id\":\"https:\/\/piedracarrascoy.es\/#website\",\"url\":\"https:\/\/piedracarrascoy.es\/\",\"name\":\"Marmoles Carrascoy\",\"description\":\"Marmoles\",\"potentialAction\":[{\"@type\":\"SearchAction\",\"target\":{\"@type\":\"EntryPoint\",\"urlTemplate\":\"https:\/\/piedracarrascoy.es\/?s={search_term_string}\"},\"query-input\":\"required name=search_term_string\"}],\"inLanguage\":\"es\"}]}<\/script>\n<!-- \/ Yoast SEO plugin. -->","yoast_head_json":{"title":"Dise\u00f1o y Planificaci\u00f3n - Marmoles Carrascoy","robots":{"index":"index","follow":"follow","max-snippet":"max-snippet:-1","max-image-preview":"max-image-preview:large","max-video-preview":"max-video-preview:-1"},"canonical":"https:\/\/piedracarrascoy.es\/index.php\/nuestros-servicios-piedra\/diseno-y-planificacion\/","og_locale":"es_ES","og_type":"article","og_title":"Dise\u00f1o y Planificaci\u00f3n - Marmoles Carrascoy","og_description":"DISE\u00d1O Y PLANIFICACION Nuestro objetivo es crear dise\u00f1os personalizados Nuestro objetivo principal es trabajar contigo para transformar tus ideas en realidad, creando espacios \u00fanicos y elegantes con piedras y m\u00e1rmoles de la m\u00e1s alta calidad. En cada proyecto que emprendemos, nos esforzamos por comprender tus necesidades y deseos individuales. Valoramos tu visi\u00f3n y nos comprometemos [&hellip;]","og_url":"https:\/\/piedracarrascoy.es\/index.php\/nuestros-servicios-piedra\/diseno-y-planificacion\/","og_site_name":"Marmoles Carrascoy","article_modified_time":"2023-05-31T07:12:16+00:00","og_image":[{"url":"https:\/\/mcarrasco.10y6interiorismo.com\/wp-content\/uploads\/2023\/04\/construccion-bodega-1.jpg"}],"twitter_card":"summary_large_image","twitter_misc":{"Tiempo de lectura":"4 minutos"},"schema":{"@context":"https:\/\/schema.org","@graph":[{"@type":"WebPage","@id":"https:\/\/piedracarrascoy.es\/index.php\/nuestros-servicios-piedra\/diseno-y-planificacion\/","url":"https:\/\/piedracarrascoy.es\/index.php\/nuestros-servicios-piedra\/diseno-y-planificacion\/","name":"Dise\u00f1o y Planificaci\u00f3n - Marmoles Carrascoy","isPartOf":{"@id":"https:\/\/piedracarrascoy.es\/#website"},"datePublished":"2020-05-15T04:45:19+00:00","dateModified":"2023-05-31T07:12:16+00:00","breadcrumb":{"@id":"https:\/\/piedracarrascoy.es\/index.php\/nuestros-servicios-piedra\/diseno-y-planificacion\/#breadcrumb"},"inLanguage":"es","potentialAction":[{"@type":"ReadAction","target":["https:\/\/piedracarrascoy.es\/index.php\/nuestros-servicios-piedra\/diseno-y-planificacion\/"]}]},{"@type":"BreadcrumbList","@id":"https:\/\/piedracarrascoy.es\/index.php\/nuestros-servicios-piedra\/diseno-y-planificacion\/#breadcrumb","itemListElement":[{"@type":"ListItem","position":1,"name":"Portada","item":"https:\/\/piedracarrascoy.es\/"},{"@type":"ListItem","position":2,"name":"Nuestros Servicios","item":"https:\/\/piedracarrascoy.es\/index.php\/nuestros-servicios-piedra\/"},{"@type":"ListItem","position":3,"name":"Dise\u00f1o y Planificaci\u00f3n"}]},{"@type":"WebSite","@id":"https:\/\/piedracarrascoy.es\/#website","url":"https:\/\/piedracarrascoy.es\/","name":"Marmoles Carrascoy","description":"Marmoles","potentialAction":[{"@type":"SearchAction","target":{"@type":"EntryPoint","urlTemplate":"https:\/\/piedracarrascoy.es\/?s={search_term_string}"},"query-input":"required name=search_term_string"}],"inLanguage":"es"}]}},"_links":{"self":[{"href":"https:\/\/piedracarrascoy.es\/index.php\/wp-json\/wp\/v2\/pages\/2485"}],"collection":[{"href":"https:\/\/piedracarrascoy.es\/index.php\/wp-json\/wp\/v2\/pages"}],"about":[{"href":"https:\/\/piedracarrascoy.es\/index.php\/wp-json\/wp\/v2\/types\/page"}],"author":[{"embeddable":true,"href":"https:\/\/piedracarrascoy.es\/index.php\/wp-json\/wp\/v2\/users\/1"}],"replies":[{"embeddable":true,"href":"https:\/\/piedracarrascoy.es\/index.php\/wp-json\/wp\/v2\/comments?post=2485"}],"version-history":[{"count":6,"href":"https:\/\/piedracarrascoy.es\/index.php\/wp-json\/wp\/v2\/pages\/2485\/revisions"}],"predecessor-version":[{"id":11841,"href":"https:\/\/piedracarrascoy.es\/index.php\/wp-json\/wp\/v2\/pages\/2485\/revisions\/11841"}],"up":[{"embeddable":true,"href":"https:\/\/piedracarrascoy.es\/index.php\/wp-json\/wp\/v2\/pages\/2405"}],"wp:attachment":[{"href":"https:\/\/piedracarrascoy.es\/index.php\/wp-json\/wp\/v2\/media?parent=2485"}],"curies":[{"name":"wp","href":"https:\/\/api.w.org\/{rel}","templated":true}]}}